ctor of 96 and 4116?
12
What is the greatest common divisor of 2641 and 2919?
139
What is the highest common divisor of 1554 and 84?
42
What is the highest common factor of 345 and 138?
69
Calculate the greatest common divisor of 5408 and 91.
13
Calculate the greatest common factor of 119 and 2091.
17
What is the highest common divisor of 1008 and 3960?
72
Calculate the greatest common divisor of 248 and 64.
8
What is the greatest common divisor of 10 and 60910?
10
What is the highest common factor of 119 and 884?
17
What is the highest common factor of 2728 and 93?
31
Calculate the highest common factor of 424 and 159.
53
What is the greatest common factor of 28 and 8442?
14
What is the highest common factor of 2944 and 92?
92
What is the highest common factor of 7 and 284?
1
What is the greatest common divisor of 187 and 136?
17
Calculate the greatest common divisor of 4 and 4.
4
What is the highest common divisor of 680 and 24?
8
What is the highest common divisor of 1748 and 920?
92
What is the highest common divisor of 1101 and 1468?
367
Calculate the highest common factor of 1474 and 110.
22
What is the greatest common factor of 75769 and 17?
17
Calculate the highest common factor of 148 and 8.
4
What is the highest common factor of 15 and 40?
5
What is the greatest common divisor of 4 and 64?
4
Calculate the highest common factor of 1064 and 140.
28
What is the highest common factor of 774 and 344?
86
Calculate the highest common divisor of 30 and 120.
30
What is the highest common factor of 1600 and 50?
50
Calculate the highest common divisor of 132 and 2948.
44
What is the greatest common factor of 46 and 414?
46
What is the greatest common divisor of 1 and 49?
1
Calculate the greatest common factor of 135 and 144.
9
What is the highest common divisor of 123 and 3?
3
What is the greatest common divisor of 264 and 8?
8
What is the greatest common factor of 189 and 14?
7
Calculate the highest common divisor of 224 and 364.
28
Calculate the greatest common factor of 22 and 66.
22
What is the greatest common factor of 2 and 221?
1
Calculate the greatest common factor of 48 and 1.
1
What is the greatest common factor of 3416 and 56?
56
Calculate the greatest common divisor of 3143 and 21.
7
Calculate the highest common factor of 92 and 69.
23
What is the highest common factor of 272 and 102?
34
What is the greatest common divisor of 12 and 11448?
12
What is the greatest common divisor of 45 and 135?
45
What is the greatest common divisor of 13073 and 17?
17
What is the greatest common factor of 13 and 3094?
13
What is the greatest common factor of 294 and 15?
3
Calculate the greatest common factor of 329 and 235.
47
What is the highest common factor of 594 and 6?
6
What is the highest common factor of 7 and 31?
1
Calculate the highest common factor of 18 and 15534.
18
What is the greatest common divisor of 222 and 962?
74
What is the greatest common divisor of 104 and 26?
26
Calculate the highest common divisor of 45 and 9.
9
What is the greatest common divisor of 22555 and 347?
347
Calculate the highest common divisor of 117 and 45.
9
What is the highest common divisor of 460 and 10?
10
What is the highest common divisor of 324 and 27?
27
What is the greatest common factor of 370 and 74?
74
What is the highest common factor of 65 and 91?
13
What is the highest common divisor of 46 and 1334?
46
Calculate the highest common factor of 3402 and 630.
126
Calculate the highest common divisor of 220 and 1705.
55
What is the highest common factor of 10 and 185?
5
Calculate the greatest common divisor of 10325 and 490.
35
Calculate the highest common divisor of 430 and 86.
86
What is the greatest common factor of 817 and 559?
43
Calculate the highest common divisor of 3809 and 26.
13
What is the highest common divisor of 328 and 41?
41
Calculate the greatest common factor of 1075 and 275.
25
What is the greatest common divisor of 69 and 6?
3
What is the highest common factor of 962 and 296?
74
Calculate the greatest common factor of 12 and 37980.
12
Calculate the greatest common divisor of 28 and 343.
7
Calculate the greatest common divisor of 30134 and 76.
38
Calculate the greatest common divisor of 210 and 70.
70
What is the highest common factor of 80 and 252?
4
Calculate the highest common factor of 17 and 17527.
17
What is the greatest common divisor of 50 and 190?
10
Calculate the greatest common factor of 13 and 17.
1
Calculate the greatest common divisor of 135 and 7155.
135
Calculate the highest common factor of 18 and 1431.
9
What is the highest common divisor of 32 and 36?
4
What is the greatest common divisor of 2863 and 14?
7
Calculate the greatest common factor of 132 and 4356.
132
Calculate the highest common divisor of 164 and 28.
4
Calculate the highest common factor of 4 and 23204.
4
What is the highest common factor of 3800 and 175?
25
What is the greatest common divisor of 835 and 5?
5
Calculate the greatest common divisor of 35 and 12845.
35
What is the highest common divisor of 80 and 760?
40
Calculate the greatest common factor of 69 and 23.
23
Calculate the greatest common divisor of 6223 and 343.
49
Calculate the greatest common divisor of 19154 and 942.
314
Calculate the greatest common divisor of 49 and 119.
7
What is the greatest common factor of 9 and 2529?
9
Calculate the greatest common factor of 121 and 11.
11
What is the highest common divisor of 5823 and 9?
9
What is the greatest common divisor of 85 and 289?
17
Calculate the greatest common factor of 1608 and 64.
8
Calculate the greatest common divisor of 756 and 1036.
28
Calculate the highest common divisor of 21 and 2317.
7
What is the greatest common factor of 127 and 1?
1
What is the greatest common factor of 396 and 18?
18
Calculate the greatest common factor of 728 and 520.
104
Calculate the highest common factor of 30 and 6.
6
Calculate the highest common divisor of 108 and 1458.
54
What is the greatest common divisor of 84 and 196?
28
Calculate the highest common factor of 22178 and 104.
26
Calculate the highest common factor of 60 and 15510.
30
Calculate the greatest common factor of 90 and 5706.
18
Calculate the highest common factor of 2 and 5.
1
What is the highest common factor of 132 and 1276?
44
What is the greatest common factor of 10 and 30?
10
Calculate the greatest common divisor of 424 and 3869.
53
Calculate the greatest common divisor of 350 and 112.
14
Calculate the highest common divisor of 238 and 70.
14
What is the highest common divisor of 32 and 34?
2
Calculate the highest common divisor of 39 and 1417.
13
Calculate the greatest common factor of 1950 and 260.
130
What is the greatest common factor of 2 and 13700?
2
Calculate the greatest common divisor of 102 and 1462.
34
Calculate the highest common divisor of 2990 and 414.
46
What is the highest common divisor of 1 and 43?
1
What is the greatest common divisor of 85 and 986?
17
Calculate the highest common divisor of 168 and 352.
8
Calculate the greatest common divisor of 37 and 6031.
37
What is the greatest common divisor of 286 and 1?
1
Calculate the greatest common divisor of 55867 and 161.
161
What is the highest common divisor of 275 and 715?
55
What is the highest common divisor of 927 and 27?
9
Calculate the highest common factor of 2845 and 5.
5
Calculate the highest common divisor of 66 and 156.
6
What is the greatest common factor of 24 and 624?
24
Calculate the highest common factor of 221 and 91.
13
What is the greatest common divisor of 60 and 2055?
15
Calculate the highest common factor of 36 and 1236.
12
What is the highest common factor of 84 and 112?
28
Calculate the highest common divisor of 173 and 75947.
173
What is the greatest common factor of 64 and 32?
32
Calculate the highest common factor of 2 and 134.
2
Calculate the greatest common divisor of 570 and 10545.
285
What is the greatest common factor of 868 and 1364?
124
Calculate the greatest common factor of 65 and 247.
13
What is the greatest common divisor of 392 and 1400?
56
Calculate the greatest common divisor of 16 and 312.
8
Calculate the greatest common factor of 10696 and 280.
56
Calculate the greatest common divisor of 5 and 7215.
5
What is the greatest common factor of 72 and 192?
24
Calculate 